{"id":186,"date":"2025-01-05T22:02:52","date_gmt":"2025-01-05T22:02:52","guid":{"rendered":"https:\/\/garten-bramsiepe.eventiks.de\/?page_id=186"},"modified":"2025-01-06T00:33:44","modified_gmt":"2025-01-06T00:33:44","slug":"anfrage-stellen","status":"publish","type":"page","link":"https:\/\/garten-bramsiepe.eventiks.de\/index.php\/anfrage-stellen\/","title":{"rendered":"Anfrage stellen"},"content":{"rendered":"\t\t<div data-elementor-type=\"wp-page\" data-elementor-id=\"186\" class=\"elementor elementor-186\">\n\t\t\t\t\t\t<section class=\"elementor-section elementor-top-section elementor-element elementor-element-4493407 elementor-section-boxed elementor-section-height-default elementor-section-height-default\" data-id=\"4493407\" data-element_type=\"section\" data-e-type=\"section\">\n\t\t\t\t\t\t<div class=\"elementor-container elementor-column-gap-default\">\n\t\t\t\t\t<div class=\"elementor-column elementor-col-100 elementor-top-column elementor-element elementor-element-0b91dea\" data-id=\"0b91dea\" data-element_type=\"column\" data-e-type=\"column\">\n\t\t\t<div class=\"elementor-widget-wrap elementor-element-populated\">\n\t\t\t\t\t\t<div class=\"elementor-element elementor-element-0d360b1 elementor-widget elementor-widget-wpforms\" data-id=\"0d360b1\" data-element_type=\"widget\" data-e-type=\"widget\" data-widget_type=\"wpforms.default\">\n\t\t\t\t<div class=\"elementor-widget-container\">\n\t\t\t\t\t<div class=\"wpforms-container wpforms-container-full wpforms-render-modern\" id=\"wpforms-132\"><form id=\"wpforms-form-132\" class=\"wpforms-validate wpforms-form wpforms-ajax-form\" data-formid=\"132\" method=\"post\" enctype=\"multipart\/form-data\" action=\"\/index.php\/wp-json\/wp\/v2\/pages\/186\" data-token=\"5b8732b1a7db54d740459fe93b95d821\" data-token-time=\"1777581096\"><noscript class=\"wpforms-error-noscript\">Bitte aktiviere JavaScript in deinem Browser, um dieses Formular fertigzustellen.<\/noscript><div id=\"wpforms-error-noscript\" style=\"display: none;\">Bitte aktiviere JavaScript in deinem Browser, um dieses Formular fertigzustellen.<\/div><div class=\"wpforms-field-container\"><div id=\"wpforms-132-field_1-container\" class=\"wpforms-field wpforms-field-name\" data-field-id=\"1\"><fieldset><legend class=\"wpforms-field-label\">Name <span class=\"wpforms-required-label\" aria-hidden=\"true\">*<\/span><\/legend><div class=\"wpforms-field-row wpforms-field-medium\"><div class=\"wpforms-field-row-block wpforms-first wpforms-one-half\"><input type=\"text\" id=\"wpforms-132-field_1\" class=\"wpforms-field-name-first wpforms-field-required\" name=\"wpforms[fields][1][first]\" aria-errormessage=\"wpforms-132-field_1-error\" required><label for=\"wpforms-132-field_1\" class=\"wpforms-field-sublabel after\">Vorname<\/label><\/div><div class=\"wpforms-field-row-block wpforms-one-half\"><input type=\"text\" id=\"wpforms-132-field_1-last\" class=\"wpforms-field-name-last wpforms-field-required\" name=\"wpforms[fields][1][last]\" aria-errormessage=\"wpforms-132-field_1-last-error\" required><label for=\"wpforms-132-field_1-last\" class=\"wpforms-field-sublabel after\">Nachname<\/label><\/div><\/div><\/fieldset><\/div><div id=\"wpforms-132-field_5-container\" class=\"wpforms-field wpforms-field-text\" data-field-id=\"5\"><label class=\"wpforms-field-label\" for=\"wpforms-132-field_5\">Rechnungsanschrift<\/label><input type=\"text\" id=\"wpforms-132-field_5\" class=\"wpforms-field-medium\" name=\"wpforms[fields][5]\" aria-errormessage=\"wpforms-132-field_5-error\" aria-describedby=\"wpforms-132-field_5-description\" ><div id=\"wpforms-132-field_5-description\" class=\"wpforms-field-description\">Stra\u00dfe, Nr., PLZ, Ort<\/div><\/div><div id=\"wpforms-132-field_10-container\" class=\"wpforms-field wpforms-field-text\" data-field-id=\"10\"><label class=\"wpforms-field-label\" for=\"wpforms-132-field_10\">Rufnummer:<\/label><input type=\"text\" id=\"wpforms-132-field_10\" class=\"wpforms-field-medium\" name=\"wpforms[fields][10]\" aria-errormessage=\"wpforms-132-field_10-error\" ><\/div><div id=\"wpforms-132-field_2-container\" class=\"wpforms-field wpforms-field-email\" data-field-id=\"2\"><label class=\"wpforms-field-label\" for=\"wpforms-132-field_2\">E-Mail-Adresse <span class=\"wpforms-required-label\" aria-hidden=\"true\">*<\/span><\/label><input type=\"email\" id=\"wpforms-132-field_2\" class=\"wpforms-field-medium wpforms-field-required\" name=\"wpforms[fields][2]\" spellcheck=\"false\" aria-errormessage=\"wpforms-132-field_2-error\" required><\/div>\t\t<div id=\"wpforms-132-field_6-container\"\n\t\t\tclass=\"wpforms-field wpforms-field-text\"\n\t\t\tdata-field-type=\"text\"\n\t\t\tdata-field-id=\"6\"\n\t\t\t>\n\t\t\t<label class=\"wpforms-field-label\" for=\"wpforms-132-field_6\" >Nachricht der anfragen:<\/label>\n\t\t\t<input type=\"text\" id=\"wpforms-132-field_6\" class=\"wpforms-field-medium\" name=\"wpforms[fields][6]\" >\n\t\t<\/div>\n\t\t<div id=\"wpforms-132-field_4-container\" class=\"wpforms-field wpforms-field-text\" data-field-id=\"4\"><label class=\"wpforms-field-label\" for=\"wpforms-132-field_4\">Adresse der Baustelle<\/label><input type=\"text\" id=\"wpforms-132-field_4\" class=\"wpforms-field-medium\" name=\"wpforms[fields][4]\" aria-errormessage=\"wpforms-132-field_4-error\" aria-describedby=\"wpforms-132-field_4-description\" ><div id=\"wpforms-132-field_4-description\" class=\"wpforms-field-description\">Stra\u00dfe, Nr., PLZ, Ort<\/div><\/div><div id=\"wpforms-132-field_9-container\" class=\"wpforms-field wpforms-field-checkbox\" data-field-id=\"9\"><fieldset><legend class=\"wpforms-field-label\">Leistungen anfragen: <span class=\"wpforms-required-label\" aria-hidden=\"true\">*<\/span><\/legend><ul id=\"wpforms-132-field_9\" class=\"wpforms-field-required\"><li class=\"choice-1 depth-1\"><input type=\"checkbox\" id=\"wpforms-132-field_9_1\" name=\"wpforms[fields][9][]\" value=\"Z\u00e4une setzen\/montieren\" aria-errormessage=\"wpforms-132-field_9_1-error\" aria-describedby=\"wpforms-132-field_9-description\" required ><label class=\"wpforms-field-label-inline\" for=\"wpforms-132-field_9_1\">Z\u00e4une setzen\/montieren<\/label><\/li><li class=\"choice-2 depth-1\"><input type=\"checkbox\" id=\"wpforms-132-field_9_2\" name=\"wpforms[fields][9][]\" value=\"Pflasterarbeiten\" aria-errormessage=\"wpforms-132-field_9_2-error\" aria-describedby=\"wpforms-132-field_9-description\" required ><label class=\"wpforms-field-label-inline\" for=\"wpforms-132-field_9_2\">Pflasterarbeiten<\/label><\/li><li class=\"choice-3 depth-1\"><input type=\"checkbox\" id=\"wpforms-132-field_9_3\" name=\"wpforms[fields][9][]\" value=\"Hecken-, Strauch- und Baumschnitt\" aria-errormessage=\"wpforms-132-field_9_3-error\" aria-describedby=\"wpforms-132-field_9-description\" required ><label class=\"wpforms-field-label-inline\" for=\"wpforms-132-field_9_3\">Hecken-, Strauch- und Baumschnitt<\/label><\/li><li class=\"choice-4 depth-1\"><input type=\"checkbox\" id=\"wpforms-132-field_9_4\" name=\"wpforms[fields][9][]\" value=\"Plattieren im Gartenbereich\" aria-errormessage=\"wpforms-132-field_9_4-error\" aria-describedby=\"wpforms-132-field_9-description\" required ><label class=\"wpforms-field-label-inline\" for=\"wpforms-132-field_9_4\">Plattieren im Gartenbereich<\/label><\/li><li class=\"choice-5 depth-1\"><input type=\"checkbox\" id=\"wpforms-132-field_9_5\" name=\"wpforms[fields][9][]\" value=\"Sonstiges\" aria-errormessage=\"wpforms-132-field_9_5-error\" aria-describedby=\"wpforms-132-field_9-description\" required ><label class=\"wpforms-field-label-inline\" for=\"wpforms-132-field_9_5\">Sonstiges<\/label><\/li><\/ul><div id=\"wpforms-132-field_9-description\" class=\"wpforms-field-description\">Klicken Sie hier die Leistungen an, die Sie anfragen wollen.<\/div><\/fieldset><\/div><div id=\"wpforms-132-field_3-container\" class=\"wpforms-field wpforms-field-textarea\" data-field-id=\"3\"><label class=\"wpforms-field-label\" for=\"wpforms-132-field_3\">Kommentar oder Nachricht <span class=\"wpforms-required-label\" aria-hidden=\"true\">*<\/span><\/label><textarea id=\"wpforms-132-field_3\" class=\"wpforms-field-medium wpforms-field-required\" name=\"wpforms[fields][3]\" aria-errormessage=\"wpforms-132-field_3-error\" aria-describedby=\"wpforms-132-field_3-description\" required><\/textarea><div id=\"wpforms-132-field_3-description\" class=\"wpforms-field-description\">Beschreiben Sie gerne kurz die Arbeiten, die ausgef\u00fchrt werden sollen. Wenn Sie Fragen haben k\u00f6nnen Sie diese nat\u00fcrlich auch eintragen.<\/div><\/div><script>\n\t\t\t\t( function() {\n\t\t\t\t\tconst style = document.createElement( 'style' );\n\t\t\t\t\tstyle.appendChild( document.createTextNode( '#wpforms-132-field_6-container { position: absolute !important; overflow: hidden !important; display: inline !important; height: 1px !important; width: 1px !important; z-index: -1000 !important; padding: 0 !important; } #wpforms-132-field_6-container input { visibility: hidden; } #wpforms-conversational-form-page #wpforms-132-field_6-container label { counter-increment: none; }' ) );\n\t\t\t\t\tdocument.head.appendChild( style );\n\t\t\t\t\tdocument.currentScript?.remove();\n\t\t\t\t} )();\n\t\t\t<\/script><\/div><!-- .wpforms-field-container --><div class=\"wpforms-submit-container\" ><input type=\"hidden\" name=\"wpforms[id]\" value=\"132\"><input type=\"hidden\" name=\"page_title\" value=\"\"><input type=\"hidden\" name=\"page_url\" value=\"https:\/\/garten-bramsiepe.eventiks.de\/index.php\/wp-json\/wp\/v2\/pages\/186\"><input type=\"hidden\" name=\"url_referer\" value=\"\"><button type=\"submit\" name=\"wpforms[submit]\" id=\"wpforms-submit-132\" class=\"wpforms-submit\" data-alt-text=\"Wird gesendet\u00a0\u2026\" data-submit-text=\"Absenden\" aria-live=\"assertive\" value=\"wpforms-submit\">Absenden<\/button><img decoding=\"async\" src=\"https:\/\/garten-bramsiepe.eventiks.de\/wp-content\/plugins\/wpforms-lite\/assets\/images\/submit-spin.svg\" class=\"wpforms-submit-spinner\" style=\"display: none;\" width=\"26\" height=\"26\" alt=\"Wird geladen\"><\/div><\/form><\/div>  <!-- .wpforms-container -->\t\t\t\t<\/div>\n\t\t\t\t<\/div>\n\t\t\t\t\t<\/div>\n\t\t<\/div>\n\t\t\t\t\t<\/div>\n\t\t<\/section>\n\t\t\t\t<\/div>\n\t\t","protected":false},"excerpt":{"rendered":"<p>Bitte aktiviere JavaScript in deinem Browser, um dieses Formular fertigzustellen.Bitte aktiviere JavaScript in deinem Browser, um dieses Formular fertigzustellen. Name * VornameNachname RechnungsanschriftStra\u00dfe, Nr., PLZ, [&hellip;]<\/p>\n","protected":false},"author":1,"featured_media":0,"parent":0,"menu_order":0,"comment_status":"closed","ping_status":"closed","template":"templates\/builder-fullwidth-std.php","meta":{"footnotes":""},"class_list":["post-186","page","type-page","status-publish","hentry"],"jetpack_sharing_enabled":true,"_links":{"self":[{"href":"https:\/\/garten-bramsiepe.eventiks.de\/index.php\/wp-json\/wp\/v2\/pages\/186","targetHints":{"allow":["GET"]}}],"collection":[{"href":"https:\/\/garten-bramsiepe.eventiks.de\/index.php\/wp-json\/wp\/v2\/pages"}],"about":[{"href":"https:\/\/garten-bramsiepe.eventiks.de\/index.php\/wp-json\/wp\/v2\/types\/page"}],"author":[{"embeddable":true,"href":"https:\/\/garten-bramsiepe.eventiks.de\/index.php\/wp-json\/wp\/v2\/users\/1"}],"replies":[{"embeddable":true,"href":"https:\/\/garten-bramsiepe.eventiks.de\/index.php\/wp-json\/wp\/v2\/comments?post=186"}],"version-history":[{"count":17,"href":"https:\/\/garten-bramsiepe.eventiks.de\/index.php\/wp-json\/wp\/v2\/pages\/186\/revisions"}],"predecessor-version":[{"id":353,"href":"https:\/\/garten-bramsiepe.eventiks.de\/index.php\/wp-json\/wp\/v2\/pages\/186\/revisions\/353"}],"wp:attachment":[{"href":"https:\/\/garten-bramsiepe.eventiks.de\/index.php\/wp-json\/wp\/v2\/media?parent=186"}],"curies":[{"name":"wp","href":"https:\/\/api.w.org\/{rel}","templated":true}]}}